(-1 + 0) + 62. Suppose 110 = 5*m + 2*n, 4*m - 2*n - n - c = 0. Calculate the greatest common factor of m and r.
5
Suppose q + 6 = 9. Let x(t) = t - 5. Let m be x(5). Suppose m*v - 51 = -q*v. Calculate the highest common divisor of v and 85.
17
Let n = 21 + 7. Calculate the highest common divisor of n and 56.
28
Let c = -58 - -110. Calculate the greatest common factor of 78 and c.
26
Let a(o) = -o**3 - 13*o**2 - o - 9. Let k be a(-13). Suppose -k*t + 740 = 5*v + 92, -2*t + 654 = 5*v. What is the greatest common factor of 12 and v?
12
Let i(a) = 4*a**3 + a**2 - a + 1. Let o be i(1). Let c = 129 - 79. What is the highest common divisor of c and o?
5
Suppose -3*r = -3*q - 54, 4*q + 8 = -0. What is the highest common divisor of r and 144?
16
Let l = 11 + -21. Let m be l/45 + 200/9. Calculate the highest common divisor of m and 33.
11
Let g be (-2)/(-4) + 694/4. Suppose -4*q - 2*p + g = -0*q, q = p + 48. Let f be (0 - 1)/((-3)/21) + -2. Calculate the greatest common divisor of q and f.
5
Let d(s) = s**3 - 6*s**2 + 7*s - 2. Let z be d(6). What is the highest common divisor of 40 and z?
40
Let b be (-2)/(-3)*99/22. What is the highest common factor of b and 6?
3
Let w be (-3*6)/1*-1. Let x be 352/36 - (-4)/w. Let i = x + -5. What is the highest common divisor of 5 and i?
5
Let h be 0 + (16*-2)/(-4). What is the greatest common divisor of 4 and h?
4
Suppose 2*p = 5*n - 11, 0*p = 5*n + p - 17. Let z(y) = -2*y**3 - 5*y**3 + 6*y**n + y + 4*y**2. Let c be z(3). Calculate the highest common factor of 12 and c.
12
Let y = 82 - 62. Calculate the greatest common divisor of y and 160.
20
Let d(m) = m**3 + 6*m**2 - 3*m. Let g be d(-6). Let x(k) = 3*k**2 + 2*k - 3. Let c be x(-3). What is the highest common divisor of c and g?
18
Suppose -35 = -5*b + 20. Let a(o) = o**3 + 4*o**2 + 7*o + 5. Let m be a(-6). Let k be 2/4 + m/(-2). What is the greatest common factor of b and k?
11
Suppose 3*b + 3*o - 22 = 14, -22 = -3*b + 4*o. Suppose 1 = -z + 12. Let g = z + -7. Calculate the greatest common factor of b and g.
2
Let i be (-22)/(-2) - (2 - 2). Let j = i - 3. Calculate the highest common factor of 56 and j.
8
Let i(a) = a + 11. Let d be i(3). Suppose -5 = -f - 0*f. Suppose -81 = -f*o - 11. What is the greatest common factor of o and d?
14
Let i be 3/(-7) - 4872/(-49). Suppose 35 = -5*n - 4*a + 92, 0 = n - 3*a. What is the highest common divisor of n and i?
9
Suppose 0 = 2*v - v - 60. Let j = 72 + -48. What is the highest common divisor of j and v?
12
Let a(p) = -p - 1. Let j be a(-5). Calculate the highest common divisor of 1 and j.
1
Let g(v) = 5*v**3 - 3*v**2 + 4*v - 1. Let f be g(3). What is the highest common divisor of f and 17?
17
Let h = 2 + 8. What is the highest common factor of 40 and h?
10
Suppose -3*k + 7*k = 4. Let o be 19 + k*(-4)/2. Let j(d) = -12*d - 34. Let q be j(-17). What is the highest common factor of o and q?
17
Suppose -316 = -5*k - x, x - 79 - 48 = -2*k. What is the greatest common factor of k and 7?
7
Suppose 0 = -5*h + 4*b + 15, -4*b - 10 = -4*h + 2. Calculate the greatest common factor of h and 12.
3
Suppose 5*c = 8 - 3. Calculate the highest common divisor of c and 7.
1
Suppose 5*s + 10 = 3*c, c + c + 4*s = 36. Let j = 3 - -1. Suppose -3 - 2 = -2*p - 3*n, 3*n = -j*p + 25. What is the greatest common factor of p and c?
10
Let n = -1 + 6. What is the greatest common factor of n and 40?
5
Suppose -2*b + 30 + 0 = 0. Let n = 3 - 0. Suppose 3*f = 5*w - 30 + 6, 2*w + n*f = 18. What is the highest common divisor of w and b?
3
Let a be 2/3*(4 + 47). Suppose -4*j + 5*z + 41 + 28 = 0, 0 = 4*j + 2*z - a. Calculate the highest common divisor of 33 and j.
11
Let c = -12 + 18. Let g = -1 + c. Suppose 0 = 5*f + 5*n, 0*n - g = 3*f + 4*n. What is the highest common factor of 15 and f?
5
Let v(a) = 20*a + 2. Let h = -1 - -2. Let y be v(h). Calculate the highest common factor of y and 2.
2
Let f = -11 + 14. Let x be f*(-3 + 4) - -33. Calculate the greatest common factor of x and 24.
12
Let m(t) = -t - 4. Let o be m(-8). Suppose r - 50 = -0*g - o*g, -3*g + 12 = 0. What is the greatest common divisor of r and 51?
17
Let p(h) = -6 + 3 - 4*h - 2*h. Let q be p(-2). Let a be (-14)/21*42/(-4) - -2. Calculate the highest common factor of a and q.
9
Let k be (-1*(-1 + -22))/1. Let v = -91 + 153. Suppose -f = -v + k. What is the highest common divisor of f and 26?
13
Suppose -4*m + 4*x + 100 = 0, -3*m + 0*m + 5*x = -73. Calculate the highest common divisor of m and 260.
26
Let d be (0 - (-4 + 1)) + 2. Suppose 3*v + 2*i = 47, 5*v = -d*i + 50 + 35. Let l = -5 + v. What is the greatest common factor of l and 20?
4
Let t = 3 + 1. Let l be (2 - -1) + 0 - 1. Suppose l*n + 8 = 3*s - 8, 4*n = -8. Calculate the greatest common divisor of s and t.
4
Let q(o) = 2*o**2 + 42*o + 42. Let z be q(-21). Calculate the highest common divisor of z and 70.
14
Let a = -10 + 23. What is the greatest common factor of 26 and a?
13
Let k = 350 + -193. Suppose 3*l - k = 23. Calculate the greatest common divisor of 40 and l.
20
Let i = -82 - -277. Calculate the highest common divisor of i and 15.
15
Let c(g) = -g**3 + 5*g**2 + 3. Let a be c(5). Suppose 342 = a*p - 0*p. Suppose -37 + p = h. Calculate the highest common factor of 7 and h.
7
Let p(n) = -69*n - 9. Let q(b) = -35*b - 4. Let a(i) = -2*p(i) + 5*q(i). Let y be a(-2). What is the highest common factor of 9 and y?
9
Let s = 2 + 14. Let k(m) = -5*m + 2*m - 2 + 1. Let f be k(-1). Calculate the highest common divisor of f and s.
2
Let y(i) = -5*i - 1. Let v be 1/(-2) - 4/8. Let u be y(v). What is the highest common divisor of 2 and u?
2
Let q = 48 - -18. Let x(o) = -11*o + 13. Let z(r) = 5*r - 6. Let a(d) = -6*x(d) - 13*z(d). Let w be a(6). Calculate the greatest common divisor of q and w.
6
Suppose 5*k - 86 = 39. Calculate the greatest common factor of k and 175.
25
Suppose -3*b + 119 = -2*d + 7*d, b - 5*d = 33. What is the greatest common divisor of 95 and b?
19
Suppose 32 = -3*k - 10. Let j = k - -20. Let i = 36 + -24. Calculate the greatest common divisor of j and i.
6
Let h = -14 - -10. Let i = h + 8. What is the greatest common factor of 2 and i?
2
Let l be (3/(-6) - 0)*(-3 - 31). Calculate the greatest common divisor of l and 187.
17
Suppose 16*p - 2200 = 11*p. What is the highest common divisor of 44 and p?
44
Let l be 116/6 - (-2)/(-6). Let w = 3 + 2. Suppose -3*f + c - w*c + 134 = 0, 56 = 2*f - 4*c. Calculate the greatest common divisor of l and f.
19
Let j = 13 - -4. Let c = 43 - j. Calculate the highest common divisor of 130 and c.
26
Let f be 3/(3 + 0)*1. Calculate the highest common divisor of f and 16.
1
Let s be 2/(-5)*(0 - 20). Suppose -2*f - 267 = -5*f + j, -161 = -2*f - 5*j. Calculate the greatest common divisor of s and f.
8
Suppose 306 = 2*i + 86. Calculate the greatest common factor of i and 44.
22
Suppose -247 = -8*g + 17. What is the greatest common factor of 11 and g?
11
Suppose 29 - 8 = 3*o. Suppose 0 = 2*u + 2*u. Suppose u = 2*k + s - 12, 5*s = -k - 0 - 3. Calculate the highest common divisor of o and k.
7
Let d(a) = a**3 + a**2 + 4. Let x be d(0). Let c(f) = 6*f + 48. Let m be c(-2). Calculate the highest common divisor of x and m.
4
Let f(s) = 26*s**2 - 3*s. Let c be f(2). What is the greatest common divisor of c and 14?
14
Let r(d) = 3*d - 2. Suppose -j - 20 = 5*q, 3*j = -4*q + 3 - 8. Let t be r(j). Calculate the highest common factor of 52 and t.
13
Let g = -265 - -585. Let w be 0 - 16*-2*1. Calculate the greatest common factor of g and w.
32
Let i(g) = 3*g + 6 + 7*g - 4*g - g**2. Let h be i(5). What is the greatest common factor of h and 11?
11
Suppose 2*l = 17 - 5. Calculate the greatest common factor of l and 66.
6
Suppose -3*i + 6*i + 35 = 4*d, -i - 2*d = 5. Let s(b) = -b - 5. Let m be s(i). Calculate the greatest common divisor of m and 2.
2
Suppose u - 2*u + 3*l + 13 = 0, u - 1 = -3*l. Let g(a) = a**2 - 4*a - 10. Let o be g(u). What is the greatest common divisor of 88 and o?
11
Let a = 42 - 28. Calculate the greatest common divisor of 2 and a.
2
Let a(f) = -f**2 + 9*f - 7. Let g be a(6). Let s be 7 - (4 - (8 + 0)). What is the highest common divisor of s and g?
11
Suppose -264 = 3*h + 3. Let k = h + 137. Suppose k + 57 = 5*z. What is the highest common factor of 7 and z?
7
Let b(a) = -a**2 - 12*a + 9